 units digit of 4/6 - 3702/(-9)?
2
Suppose 2*r = 4*v + 34, r + 4 = -0*r - 5*v. Let m be r/(-3)*(4 + 8). Let u = -7 - m. What is the tens digit of u?
3
Let l = 725 + -207. What is the tens digit of l?
1
Suppose 3*c - 2*x - 3198 = 0, 0 = 2*c - 7*x + 6*x - 2133. What is the hundreds digit of c?
0
Suppose 24 = r - 8. What is the tens digit of (2 - r/(-5))/(48/1080)?
8
Let p be (-1242)/(-8) + -1 - 114/(-152). Let q = p - 147. What is the units digit of q?
8
Let h be ((-240)/(-28))/(6/21). Let b = -22 + h. What is the units digit of b?
8
Let z(c) = c - 4. Let q be z(0). Let x be -2 - (-10)/(-3 - q). What is the tens digit of 2/x - 254/(-8)?
3
What is the tens digit of (-2240)/336*1992/(-10)?
2
Let n = 125 + -118. Suppose 5*d = n*d - 534. What is the units digit of d?
7
Let o(v) = v**3 + 6*v**2 + 6*v + 2. Let p be o(-7). Suppose t = x - 59, -124 - 59 = 3*t - 5*x. Let a = t - p. What is the tens digit of a?
3
Suppose 22 = -0*o + 2*o. Suppose 7*t = o*t. Suppose 3*z - 3 - 6 = t. What is the units digit of z?
3
Let k(u) be the first derivative of -u**4/4 + 5*u**3/3 + 5*u**2/2 - 5*u - 6. Let x be k(5). What is the tens digit of 6/((-1)/x*-4)?
3
What is the units digit of (-2)/12 + (-175)/(-42) + 201?
5
What is the units digit of (-3 + 28)*(-2646)/(-30)?
5
Let u = -558 - -1673. What is the tens digit of u?
1
Let u(m) = 9*m + 48. Let v be (-6)/((-60)/226) - (-6)/(-10). What is the tens digit of u(v)?
4
Let p = -32 + 32. Suppose -2*v - 65 = -3*v + g, -2*v + g + 135 = p. What is the units digit of v?
0
Let z be 1/((-4)/(0 + 20)). Let f = -11 - z. Let y(i) = i**2 + 2*i - 2. What is the units digit of y(f)?
2
Let z be -3 - (-86 + 2) - -2. Let r = -47 + z. Suppose 2*q + 4*a = -a + r, 0 = -2*q + 4*a + 54. What is the units digit of q?
3
Let j(h) = -4*h + 20. Let r(t) = t**3 + 5*t**2 - 15*t + 11. Let l be r(-7). Suppose 3*n = n - l. What is the units digit of j(n)?
6
Suppose 33*v = 1116 + 2679. What is the tens digit of v?
1
Suppose 2155 = 60*a - 19625. What is the units digit of a?
3
Let b be (0 + 24/14)/((-4)/(-14)). Suppose -b*o = -o - 395. What is the tens digit of o?
7
Let f = 206 - 87. Suppose 0 = 5*c - f - 6. What is the units digit of c?
5
Let m(i) = -i**3 - 4*i - 1. Let z be m(3). Let t = 104 + z. What is the units digit of t?
4
Suppose 11*s - 10 = 6*s. Suppose -4*v + 189 = -p - 182, -2*v + 178 = s*p. What is the tens digit of v?
9
Let f(u) = -24*u - 18. What is the units digit of f(-10)?
2
Suppose 0 = 274*p - 279*p + 14660. What is the units digit of p?
2
Let h = 13 - 9. Let x = h - 9. Let p(o) = o**3 + 6*o**2 + o + 5. What is the units digit of p(x)?
5
Suppose 4*x - 249 - 219 = 0. Let j = -57 + x. What is the tens digit of j?
6
Let w be (12/5)/((-12)/(-30)). Let a be 41/2 + 9/w. Suppose 3*i - 4*y - a = 37, -y + 54 = 2*i. What is the tens digit of i?
2
Let g = -14 - -12. Let w be -1 - -1*(-8)/g. Suppose -5*a = -w*a - 32. What is the tens digit of a?
1
Let i(f) = -f + 12. Let m be i(-3). Suppose m*c + 45 = 600. What is the tens digit of c?
3
Let f(n) be the second derivative of n**4/12 - n**3 + 25*n**2/2 - 19*n. What is the units digit of f(7)?
2
Let r = -4 - -4. Suppose -16 = -b - r*b. What is the units digit of (-3 - -4)*(b - 0)?
6
Suppose -6*g + 23 + 7 = 0. Let y(r) = 23*r. Let m be y(4). Suppose -142 = -g*o - 4*z, -m = -5*o - 5*z + 48. What is the units digit of o?
0
Suppose 11 = -5*q - p, -2*p + 5*p + 3 = -5*q. Let j be 0*q*3/9. Suppose j = -y + 5*g + 43, -4*g + 6*g + 6 = 0. What is the units digit of y?
8
Let c = 1 + 1. Suppose -b = -2*l - l + c, -7 = -4*l - 3*b. What is the units digit of l + 3 + -4 + 9?
9
Suppose 4*v - 75 + 11 = 0. Suppose -167 = -v*x + 15*x. What is the tens digit of x?
6
Let m(u) = 23*u**2 + 13*u + 29. What is the hundreds digit of m(-5)?
5
Suppose u - 8 = -3*u. Let b be -1*u/(4/(-10)). Suppose 0*c = -b*c + 145. What is the units digit of c?
9
Suppose -53*n - 14769 = -62*n. What is the thousands digit of n?
1
Let i(n) = -6*n + 4. Let m(j) = -12*j + 7. Let v(x) = 11*i(x) - 6*m(x). Let s be v(-1). Let k(c) = c**2 + 3*c + 8. What is the units digit of k(s)?
2
Suppose a + 488 = 5*t, 2*t + 3*a - 106 - 96 = 0. Let b be 1 - 104/39*3*-1. Suppose t = -7*z + b*z. What is the units digit of z?
9
Let g(w) = w**3 - 6*w**2 + 2*w + 5. Let z be g(7). Suppose 2*a - t = -21 + z, 2*a = 4*t + 56. What is the tens digit of a?
2
Let h(i) = -1 - 7*i + 34*i**2 - 32*i**2 - 4. What is the tens digit of h(6)?
2
Let m(i) = 4*i + 13. Let z be m(4). What is the units digit of 2/2 - (28 - z)?
2
Let d(i) = 58*i - 8. What is the tens digit of d(11)?
3
Let j(y) = y**3 + y**2 + y - 20. Suppose 2*x + 1 = 3*h + 3*x, 3*h = 5*x - 5. Let w be j(h). Let f = w + 69. What is the units digit of f?
9
Let m(d) = d + 7. Let z(h) = h**3 - 8*h**2 - 8*h + 1. Let x be z(9). What is the tens digit of m(x)?
1
Suppose -2*k + 30 + 13 = 3*v, k - 29 = -2*v. What is the tens digit of 1344/v + 4/10?
9
Suppose 3*b - 26 = -2. What is the tens digit of ((-4)/b + 0)*-142 - 2?
6
Let p = 37 + -19. Let r = p + -14. Suppose 0 = -6*l + l + 25, r*u - l = 43. What is the tens digit of u?
1
Let w be (-3)/21 + (-117)/63. What is the tens digit of (-314)/8*w*(-29 - -31)?
5
Suppose 0 = -t + 4*k + 88, -5*k + 6*k = -5*t + 524. What is the tens digit of t?
0
Let z(u) = -u**2 + 20*u. Let l = 54 + -40. What is the tens digit of z(l)?
8
Let y(g) = -g**2 - 7*g + 5. Let r be y(-7). Suppose r + 15 = 2*t. What is the tens digit of t?
1
Suppose 60 = -3*w + 6*w. Let s = w - 16. Suppose 0 = -s*i + 129 - 17. What is the units digit of i?
8
Let b be 55 + 2 + -10 + 18. Let l(j) = 5*j**2 + 3*j - 4. Let t be l(-5). Suppose b = 3*g - 4*i, -t = -5*g + 5*i + 4. What is the tens digit of g?
2
Suppose -r = -2*y - 14, 2*r - y = -6*y - 17. Suppose -r*h = -h - 108. What is the units digit of h?
6
Suppose 2500 = 2*j + 4*q, j - 6*q - 1241 = -11*q. What is the units digit of j?
6
Suppose 15*o - o - 238 = 0. Suppose 4*z = 5*z - 88. Suppose -o - z = -3*w. What is the units digit of w?
5
Let w be 1195/3 + -7 + 92/12. What is the units digit of w*1/(-2)*(-98)/147?
3
Let r = -307 - -386. What is the tens digit of r?
7
Let f(u) = 3*u**2 + 8*u - 19. Suppose 3*z - 3 = 12. What is the tens digit of f(z)?
9
Let n(a) = a**2 + 10*a + 11. Let r be n(-9). Let d be 51 + (-4 - 2/(-2)). Suppose r*k = k + d. What is the tens digit of k?
4
Let m(g) = -g**3 - 4*g**2 + 2*g - 8. Let i = 16 + -21. What is the units digit of m(i)?
7
Suppose y - 799 = -103. What is the tens digit of y?
9
Suppose -4*d + 2*v = 0, -4*d = -2*v - 3*v. Suppose 5*p = n + 9, d = 5*n - 3*p + 1 - 0. Let j(q) = 18*q + 1. What is the tens digit of j(n)?
1
Let d = -2928 - -4558. What is the units digit of d?
0
Let u = -90 - -93. Suppose p - 297 = 5*q, -u*q = 2*p - 158 - 384. What is the units digit of p?
7
Let b(d) = 5*d - 1. Suppose -3*w + 6 = -3*n, -2*w - 4*n - 15 = w. Let l be b(w). What is the units digit of (-9)/(-2) + (-9)/l?
6
Let l(o) = -10 + 3 + 12 - 10*o. What is the tens digit of l(-9)?
9
Let d(s) = s**2 - s - 2. Let l be d(-3). Let h = 30 - l. What is the units digit of h?
0
Let g be 21*(-3 + 17) - 6/2. Let d = g + -193. What is the units digit of d?
8
Let y(h) = 127*h**2 + 2*h + 4. What is the units digit of y(-2)?
8
Suppose -4*o = -327 - 433. What is the units digit of o?
0
Let o be 2 - (-1)/((-2)/(-14)). Suppose 0 = o*x - x - 32. Let b(d) = -d**2 + 6*d - 1. What is the units digit of b(x)?
7
Let y = 37 - 25. Let l = 59 - y. What is the units digit of l?
7
Suppose -252 = -5*f + 2*f. Suppose 16 = -4*w + f. What is the units digit of w?
7
Let p(m) = 162*m**2 + 108*m + 333. What is the thousands digit of p(-3)?
1
Let x = -568 + 2423. What is the units digit of x?
5
Let p be 22/77 + (-1153)/(-7). Let h be (-4)/(-22) - 4320/p. Let i = h + 46. What is the units digit of i?
0
Let j = 23 + -16. What is the units digit of 4/(-1) - (-637)/j?
7
Let y(p) = p**3 + 6*p**2 + 6*p. Let l be y(-4). Let h = l - 2. What is the tens digit of 1 - 3/(h/(-88))?
4
Let h = -94 - -58. Let c be (-24)/h - 688/6. What is the tens digit of 1/((-3)/c) + -1?
3
Suppose 4*m + m - 7550 = 0. Suppose 9*l + m = 19*l. What is the units digit of l?
1
Let i = -105 - -43. Let c = i + -19. Let r = -39 - c. What is the units digit of r?
2
What is the units digit of (4641/28)/(3/16)?
4
Let i = -1 + 15. Let x =